{"id":16035,"date":"2022-04-24T16:35:31","date_gmt":"2022-04-24T14:35:31","guid":{"rendered":"https:\/\/hautarzt-markovic.fuelmedia.de\/filosofia-de-la-consulta-y-espectro-de-tratamientos\/"},"modified":"2026-04-15T10:56:14","modified_gmt":"2026-04-15T08:56:14","slug":"filosofia-de-la-consulta-y-espectro-de-tratamientos","status":"publish","type":"page","link":"https:\/\/www.hautarzt-markovic.de\/es\/filosofia-de-la-consulta-y-espectro-de-tratamientos\/","title":{"rendered":"Filosof\u00eda de la consulta y espectro de tratamientos"},"content":{"rendered":"\t\t<div data-elementor-type=\"wp-page\" data-elementor-id=\"16035\" class=\"elementor elementor-16035 elementor-3953\" data-elementor-post-type=\"page\">\n\t\t\t\t<div class=\"elementor-element elementor-element-aa40b32 e-grid e-con-boxed e-con e-parent\" data-id=\"aa40b32\" data-element_type=\"container\" data-e-type=\"container\" data-settings=\"{&quot;jet_parallax_layout_list&quot;:[]}\">\n\t\t\t\t\t<div class=\"e-con-inner\">\n\t\t<div class=\"elementor-element elementor-element-483047b e-con-full e-flex e-con e-child\" data-id=\"483047b\" data-element_type=\"container\" data-e-type=\"container\" data-settings=\"{&quot;background_background&quot;:&quot;classic&quot;,&quot;jet_parallax_layout_list&quot;:[]}\">\n\t\t\t\t<div class=\"elementor-element elementor-element-bfdb12b elementor-widget elementor-widget-heading\" data-id=\"bfdb12b\" data-element_type=\"widget\" data-e-type=\"widget\" data-widget_type=\"heading.default\">\n\t\t\t\t<div class=\"elementor-widget-container\">\n\t\t\t\t\t<h1 class=\"elementor-heading-title elementor-size-default\">Nuestra filosof\u00eda de trabajo<\/h1>\t\t\t\t<\/div>\n\t\t\t\t<\/div>\n\t\t\t\t<div class=\"elementor-element elementor-element-74c126c elementor-widget elementor-widget-text-editor\" data-id=\"74c126c\" data-element_type=\"widget\" data-e-type=\"widget\" data-widget_type=\"text-editor.default\">\n\t\t\t\t<div class=\"elementor-widget-container\">\n\t\t\t\t\t\t\t\t\t<p>Como no todos los pacientes son iguales, en nuestra consulta nos centramos en la individualidad. Te ofrecemos diagn\u00f3stico, asesoramiento y tratamiento adaptados a tus necesidades. Nuestra consulta dermatol\u00f3gica est\u00e1 bien equipada con los aparatos m\u00e1s modernos, desde el cribado digital del c\u00e1ncer de piel con inteligencia artificial (IA) hasta la \u00faltima generaci\u00f3n de aparatos l\u00e1ser y modernos quir\u00f3fanos. <\/p><p>Tambi\u00e9n nos mantenemos al d\u00eda de las \u00faltimas directrices dermatol\u00f3gicas desarrolladas por expertos para ofrecerle un tratamiento individualizado para sus preocupaciones.<\/p>\t\t\t\t\t\t\t\t<\/div>\n\t\t\t\t<\/div>\n\t\t\t\t<\/div>\n\t\t<div class=\"elementor-element elementor-element-b32f0e8 e-con-full e-flex e-con e-child\" data-id=\"b32f0e8\" data-element_type=\"container\" data-e-type=\"container\" data-settings=\"{&quot;jet_parallax_layout_list&quot;:[],&quot;background_background&quot;:&quot;classic&quot;}\">\n\t\t\t\t<\/div>\n\t\t\t\t\t<\/div>\n\t\t\t\t<\/div>\n\t\t<div class=\"elementor-element elementor-element-a1be228 e-flex e-con-boxed e-con e-parent\" data-id=\"a1be228\" data-element_type=\"container\" data-e-type=\"container\" data-settings=\"{&quot;jet_parallax_layout_list&quot;:[]}\">\n\t\t\t\t\t<div class=\"e-con-inner\">\n\t\t\t\t<div class=\"elementor-element elementor-element-854aaa5 elementor-widget elementor-widget-heading\" data-id=\"854aaa5\" data-element_type=\"widget\" data-e-type=\"widget\" data-widget_type=\"heading.default\">\n\t\t\t\t<div class=\"elementor-widget-container\">\n\t\t\t\t\t<h2 class=\"elementor-heading-title elementor-size-default\">Espectro del tratamiento<\/h2>\t\t\t\t<\/div>\n\t\t\t\t<\/div>\n\t\t\t\t<div class=\"elementor-element elementor-element-fad3a58 elementor-widget elementor-widget-text-editor\" data-id=\"fad3a58\" data-element_type=\"widget\" data-e-type=\"widget\" data-widget_type=\"text-editor.default\">\n\t\t\t\t<div class=\"elementor-widget-container\">\n\t\t\t\t\t\t\t\t\t<p>El espectro de tratamiento de nuestra pr\u00e1ctica incluye<\/p><ul><li><a href=\"https:\/\/www.hautarzt-markovic.de\/es\/service\/cancer-de-piel\/\">Prevenci\u00f3n del c\u00e1ncer de piel y cuidados posteriores<\/a> incl. Dermatoscopia y <a href=\"https:\/\/www.hautarzt-markovic.de\/es\/service\/cribado-digital-del-cancer-de-piel\/\">detecci\u00f3n digital del c\u00e1ncer de piel<\/a> mediante inteligencia artificial (IA) <\/li><li><a href=\"https:\/\/www.hautarzt-markovic.de\/es\/service\/medicina-laser\/\">Medicina l\u00e1ser<\/a><\/li><li><a href=\"https:\/\/www.hautarzt-markovic.de\/es\/service\/laserlipolyse-frankfurt\/\">Tratamientos con l\u00e1ser lip\u00f3lisis para el estiramiento cut\u00e1neo<\/a><\/li><li><a href=\"https:\/\/www.hautarzt-markovic.de\/es\/service\/operaciones-ambulatorias\/\">Dermatolog\u00eda quir\u00fargica<\/a> incl. Reconstrucci\u00f3n (denominada plastia con colgajo de rotaci\u00f3n de desplazamiento)<\/li><li><a href=\"https:\/\/www.hautarzt-markovic.de\/es\/service\/terapia-fotodinamica\/\">PDT (terapia fotodin\u00e1mica)<\/a><\/li><li><a href=\"https:\/\/www.hautarzt-markovic.de\/es\/service\/tratamiento-de-arrugas-con-relajantes-musculares\/\">Dermatolog\u00eda est\u00e9tica m\u00ednimamente invasiva  <\/a><\/li><li>Tratamientos con <a href=\"https:\/\/www.hautarzt-markovic.de\/es\/service\/tratamiento-de-arrugas-con-relajantes-musculares\/\">relajantes musculares\u00ae<\/a> y rellenos, as\u00ed como rejuvenecimiento cut\u00e1neo con <a href=\"https:\/\/www.hautarzt-markovic.de\/es\/service\/medicina-laser\/\">l\u00e1ser<\/a><\/li><li><a href=\"https:\/\/www.hautarzt-markovic.de\/es\/service\/prp-vampire-lifting\/\">Tratamiento PRP con microneedling<\/a><\/li><li><a href=\"https:\/\/www.hautarzt-markovic.de\/es\/service\/tratamiento-de-arrugas-con-relajantes-musculares\/\">Tratamientos con relajantes musculares<\/a> para el bruxismo (rechinar de dientes), las migra\u00f1as cr\u00f3nicas y la <a href=\"https:\/\/www.hautarzt-markovic.de\/es\/service\/hiperhidrosis\/\">sudoraci\u00f3n excesiva (hiperhidrosis)<\/a><\/li><li><a href=\"https:\/\/www.hautarzt-markovic.de\/es\/service\/caida-del-cabello\/\">Ca\u00edda del cabello circular o cong\u00e9nita (androgen\u00e9tica) &#8211;<\/a> an\u00e1lisis capilar con <a href=\"https:\/\/www.hautarzt-markovic.de\/es\/service\/caida-del-cabello\/\">TrichoLAB<\/a><\/li><li><a href=\"https:\/\/www.hautarzt-markovic.de\/es\/service\/exfoliacion-con-retinol\/\">Peeling m\u00e9dico<\/a><\/li><li>Infecciones de la piel, el cabello y las u\u00f1as, especialmente enfermedades v\u00edricas, bacterianas y f\u00fangicas, as\u00ed como <a href=\"https:\/\/www.hautarzt-markovic.de\/es\/service\/acne\/\">acn\u00e9<\/a> y <a href=\"https:\/\/www.hautarzt-markovic.de\/es\/service\/rosacea\/\">ros\u00e1cea<\/a><\/li><li>Enfermedades autoinmunes de la piel<a href=\"https:\/\/www.hautarzt-markovic.de\/es\/service\/neurodermatitis\/\">(neurodermatitis<\/a>, psoriasis y otras)<\/li><li><a href=\"https:\/\/www.hautarzt-markovic.de\/es\/service\/alergologia\/\">Alergias<\/a> e intolerancias (urticaria, cosm\u00e9ticos y otros)<\/li><\/ul>\t\t\t\t\t\t\t\t<\/div>\n\t\t\t\t<\/div>\n\t\t\t\t\t<\/div>\n\t\t\t\t<\/div>\n\t\t\t\t<\/div>\n\t\t","protected":false},"excerpt":{"rendered":"<p>Nuestra filosof\u00eda de trabajo Como no todos los pacientes son iguales, en nuestra consulta nos centramos en la individualidad. Te ofrecemos diagn\u00f3stico, asesoramiento y tratamiento adaptados a tus necesidades. Nuestra consulta dermatol\u00f3gica est\u00e1 bien equipada con los aparatos m\u00e1s modernos, desde el cribado digital del c\u00e1ncer de piel con inteligencia artificial (IA) hasta la \u00faltima [&hellip;]<\/p>\n","protected":false},"author":3,"featured_media":0,"parent":0,"menu_order":0,"comment_status":"closed","ping_status":"closed","template":"","meta":{"footnotes":""},"class_list":["post-16035","page","type-page","status-publish","hentry"],"_links":{"self":[{"href":"https:\/\/www.hautarzt-markovic.de\/es\/wp-json\/wp\/v2\/pages\/16035","targetHints":{"allow":["GET"]}}],"collection":[{"href":"https:\/\/www.hautarzt-markovic.de\/es\/wp-json\/wp\/v2\/pages"}],"about":[{"href":"https:\/\/www.hautarzt-markovic.de\/es\/wp-json\/wp\/v2\/types\/page"}],"author":[{"embeddable":true,"href":"https:\/\/www.hautarzt-markovic.de\/es\/wp-json\/wp\/v2\/users\/3"}],"replies":[{"embeddable":true,"href":"https:\/\/www.hautarzt-markovic.de\/es\/wp-json\/wp\/v2\/comments?post=16035"}],"version-history":[{"count":14,"href":"https:\/\/www.hautarzt-markovic.de\/es\/wp-json\/wp\/v2\/pages\/16035\/revisions"}],"predecessor-version":[{"id":25353,"href":"https:\/\/www.hautarzt-markovic.de\/es\/wp-json\/wp\/v2\/pages\/16035\/revisions\/25353"}],"wp:attachment":[{"href":"https:\/\/www.hautarzt-markovic.de\/es\/wp-json\/wp\/v2\/media?parent=16035"}],"curies":[{"name":"wp","href":"https:\/\/api.w.org\/{rel}","templated":true}]}}

Filosofía de la consulta y espectro de tratamientos

<div data-elementor-type="wp-page" data-elementor-id="16035" class="elementor elementor-16035 elementor-3953" data-elementor-post-type="page">
				<div class="elementor-element elementor-element-aa40b32 e-grid e-con-boxed e-con e-parent" data-id="aa40b32" data-element_type="container" data-e-type="container" data-settings="{&quot;jet_parallax_layout_list&quot;:[]}">
					<div class="e-con-inner">
		<div class="elementor-element elementor-element-483047b e-con-full e-flex e-con e-child" data-id="483047b" data-element_type="container" data-e-type="container" data-settings="{&quot;background_background&quot;:&quot;classic&quot;,&quot;jet_parallax_layout_list&quot;:[]}">
				<div class="elementor-element elementor-element-bfdb12b elementor-widget elementor-widget-heading" data-id="bfdb12b" data-element_type="widget" data-e-type="widget" data-widget_type="heading.default">
				<div class="elementor-widget-container">
					<h1 class="elementor-heading-title elementor-size-default">Nuestra filosofía de trabajo</h1>				</div>
				</div>
				<div class="elementor-element elementor-element-74c126c elementor-widget elementor-widget-text-editor" data-id="74c126c" data-element_type="widget" data-e-type="widget" data-widget_type="text-editor.default">
				<div class="elementor-widget-container">
									<p>Como no todos los pacientes son iguales, en nuestra consulta nos centramos en la individualidad. Te ofrecemos diagnóstico, asesoramiento y tratamiento adaptados a tus necesidades. Nuestra consulta dermatológica está bien equipada con los aparatos más modernos, desde el cribado digital del cáncer de piel con inteligencia artificial (IA) hasta la última generación de aparatos láser y modernos quirófanos. </p><p>También nos mantenemos al día de las últimas directrices dermatológicas desarrolladas por expertos para ofrecerle un tratamiento individualizado para sus preocupaciones.</p>								</div>
				</div>
				</div>
		<div class="elementor-element elementor-element-b32f0e8 e-con-full e-flex e-con e-child" data-id="b32f0e8" data-element_type="container" data-e-type="container" data-settings="{&quot;jet_parallax_layout_list&quot;:[],&quot;background_background&quot;:&quot;classic&quot;}">
				</div>
					</div>
				</div>
		<div class="elementor-element elementor-element-a1be228 e-flex e-con-boxed e-con e-parent" data-id="a1be228" data-element_type="container" data-e-type="container" data-settings="{&quot;jet_parallax_layout_list&quot;:[]}">
					<div class="e-con-inner">
				<div class="elementor-element elementor-element-854aaa5 elementor-widget elementor-widget-heading" data-id="854aaa5" data-element_type="widget" data-e-type="widget" data-widget_type="heading.default">
				<div class="elementor-widget-container">
					<h2 class="elementor-heading-title elementor-size-default">Espectro del tratamiento</h2>				</div>
				</div>
				<div class="elementor-element elementor-element-fad3a58 elementor-widget elementor-widget-text-editor" data-id="fad3a58" data-element_type="widget" data-e-type="widget" data-widget_type="text-editor.default">
				<div class="elementor-widget-container">
									<p>El espectro de tratamiento de nuestra práctica incluye</p><ul><li><a href="https://www.hautarzt-markovic.de/es/service/cancer-de-piel/">Prevención del cáncer de piel y cuidados posteriores</a> incl. Dermatoscopia y <a href="https://www.hautarzt-markovic.de/es/service/cribado-digital-del-cancer-de-piel/">detección digital del cáncer de piel</a> mediante inteligencia artificial (IA) </li><li><a href="https://www.hautarzt-markovic.de/es/service/medicina-laser/">Medicina láser</a></li><li><a href="https://www.hautarzt-markovic.de/es/service/laserlipolyse-frankfurt/">Tratamientos con láser lipólisis para el estiramiento cutáneo</a></li><li><a href="https://www.hautarzt-markovic.de/es/service/operaciones-ambulatorias/">Dermatología quirúrgica</a> incl. Reconstrucción (denominada plastia con colgajo de rotación de desplazamiento)</li><li><a href="https://www.hautarzt-markovic.de/es/service/terapia-fotodinamica/">PDT (terapia fotodinámica)</a></li><li><a href="https://www.hautarzt-markovic.de/es/service/tratamiento-de-arrugas-con-relajantes-musculares/">Dermatología estética mínimamente invasiva  </a></li><li>Tratamientos con <a href="https://www.hautarzt-markovic.de/es/service/tratamiento-de-arrugas-con-relajantes-musculares/">relajantes musculares®</a> y rellenos, así como rejuvenecimiento cutáneo con <a href="https://www.hautarzt-markovic.de/es/service/medicina-laser/">láser</a></li><li><a href="https://www.hautarzt-markovic.de/es/service/prp-vampire-lifting/">Tratamiento PRP con microneedling</a></li><li><a href="https://www.hautarzt-markovic.de/es/service/tratamiento-de-arrugas-con-relajantes-musculares/">Tratamientos con relajantes musculares</a> para el bruxismo (rechinar de dientes), las migrañas crónicas y la <a href="https://www.hautarzt-markovic.de/es/service/hiperhidrosis/">sudoración excesiva (hiperhidrosis)</a></li><li><a href="https://www.hautarzt-markovic.de/es/service/caida-del-cabello/">Caída del cabello circular o congénita (androgenética) &#8211;</a> análisis capilar con <a href="https://www.hautarzt-markovic.de/es/service/caida-del-cabello/">TrichoLAB</a></li><li><a href="https://www.hautarzt-markovic.de/es/service/exfoliacion-con-retinol/">Peeling médico</a></li><li>Infecciones de la piel, el cabello y las uñas, especialmente enfermedades víricas, bacterianas y fúngicas, así como <a href="https://www.hautarzt-markovic.de/es/service/acne/">acné</a> y <a href="https://www.hautarzt-markovic.de/es/service/rosacea/">rosácea</a></li><li>Enfermedades autoinmunes de la piel<a href="https://www.hautarzt-markovic.de/es/service/neurodermatitis/">(neurodermatitis</a>, psoriasis y otras)</li><li><a href="https://www.hautarzt-markovic.de/es/service/alergologia/">Alergias</a> e intolerancias (urticaria, cosméticos y otros)</li></ul>								</div>
				</div>
					</div>
				</div>
				</div>

<p>Nuestra filosofía de trabajo Como no todos los pacientes son iguales, en nuestra consulta nos centramos en la individualidad. Te ofrecemos diagnóstico, asesoramiento y tratamiento adaptados a tus necesidades. Nuestra consulta dermatológica está bien equipada con los aparatos más modernos, desde el cribado digital del cáncer de piel con inteligencia artificial (IA) hasta la última [&hellip;]</p>
