{"id":20631,"date":"2024-12-13T10:11:51","date_gmt":"2024-12-13T09:11:51","guid":{"rendered":"https:\/\/www.hautarzt-markovic.de\/hautarzt-hautaerztin-m-w-d\/"},"modified":"2026-04-13T14:19:38","modified_gmt":"2026-04-13T12:19:38","slug":"hautarzt-hautaerztin-m-w-d","status":"publish","type":"page","link":"https:\/\/www.hautarzt-markovic.de\/es\/karriere\/hautarzt-hautaerztin-m-w-d\/","title":{"rendered":"Dermat\u00f3logo (h\/m\/d)"},"content":{"rendered":"\t\t<div data-elementor-type=\"wp-page\" data-elementor-id=\"20631\" class=\"elementor elementor-20631 elementor-20439\" data-elementor-post-type=\"page\">\n\t\t\t\t<div class=\"elementor-element elementor-element-a76ea3f e-flex e-con-boxed e-con e-parent\" data-id=\"a76ea3f\" data-element_type=\"container\" data-e-type=\"container\" data-settings=\"{&quot;jet_parallax_layout_list&quot;:[]}\">\n\t\t\t\t\t<div class=\"e-con-inner\">\n\t\t<div class=\"elementor-element elementor-element-281c1a5 e-con-full e-flex e-con e-child\" data-id=\"281c1a5\" data-element_type=\"container\" data-e-type=\"container\" data-settings=\"{&quot;jet_parallax_layout_list&quot;:[]}\">\n\t\t\t\t<div class=\"elementor-element elementor-element-0bfc567 elementor-widget elementor-widget-heading\" data-id=\"0bfc567\" data-element_type=\"widget\" data-e-type=\"widget\" data-widget_type=\"heading.default\">\n\t\t\t\t<div class=\"elementor-widget-container\">\n\t\t\t\t\t<h1 class=\"elementor-heading-title elementor-size-default\">Dermat\u00f3logo (h\/m\/d)<\/h1>\t\t\t\t<\/div>\n\t\t\t\t<\/div>\n\t\t\t\t<div class=\"elementor-element elementor-element-eb942e8 elementor-widget elementor-widget-text-editor\" data-id=\"eb942e8\" data-element_type=\"widget\" data-e-type=\"widget\" data-widget_type=\"text-editor.default\">\n\t\t\t\t<div class=\"elementor-widget-container\">\n\t\t\t\t\t\t\t\t\tSomos una moderna consulta privada de dermatolog\u00eda en el coraz\u00f3n de Frankfurt-Sachsenhausen especializada en dermatolog\u00eda conservadora y quir\u00fargica, as\u00ed como en medicina l\u00e1ser y est\u00e9tica y estamos buscando <strong>un especialista en dermatolog\u00eda a tiempo parcial (32h\/semana) o 20h\/semana (jueves y viernes o lunes y martes) para <span style=\"text-decoration: underline;\">empezar lo antes posible<\/span>.<span style=\"text-decoration: underline;\">\n<\/span><\/strong><br><br>\nTodos los procesos se gestionan digitalmente, desde la inscripci\u00f3n hasta la asignaci\u00f3n de citas. Esto simplifica las operaciones y procedimientos de la consulta para todo el personal. No es necesario conocer los c\u00f3digos de facturaci\u00f3n GO\u00c4.  \n\nHay muy buenas conexiones de transporte p\u00fablico con el S-Bahn (S\u00fcdbahnhof) y los servicios de metro y tranv\u00eda (Schweizer Platz).<br><br><h3>Buscamos un dermat\u00f3logo para la siguiente gama de servicios:<\/h3>\n<ul>\n \t<li>Dermatolog\u00eda conservadora incl. tratamientos con biol\u00f3gicos <\/li>\n \t<li>Medicina l\u00e1ser (Nd:YAG, erbio, luz flash IPL para manchas pigmentarias y ros\u00e1cea)<\/li>\n \t<li>Dermatolog\u00eda quir\u00fargica con plastia de colgajo de redistribuci\u00f3n menor<\/li>\n \t<li>Alergolog\u00eda<\/li>\n \t<li>Medicina est\u00e9tica, en particular BTX y lip\u00f3lisis l\u00e1ser (posibilidad de familiarizaci\u00f3n) <\/li>\n<\/ul><br><h3>Lo que llevas contigo:<\/h3>\n<ul>\n \t<li><strong>Completa la formaci\u00f3n especializada como dermat\u00f3logo.<\/strong><\/li>\n \t<li><strong>Alem\u00e1n e ingl\u00e9s perfectos<\/strong>. Otros idiomas extranjeros como italiano, ruso, japon\u00e9s o serbocroata son deseables. <\/li>\n \t<li>Deseable pero no obligatorio: Conocimiento del manejo y uso del software de consultas Tomedo y de la agenda de citas Doctolib.<\/li>\n \t<li>Una forma de trabajar independiente, flexibilidad y capacidad de organizaci\u00f3n completan tu perfil.<\/li>\n<\/ul><br><h3>Horario laboral<\/h3>\n<ul>\n \t<li>De lunes a viernes. Posibilidad tambi\u00e9n s\u00e1bados de 9-15h o por acuerdo semana de 4 d\u00edas o semana de 2 d\u00edas (20h, jueves y viernes o lunes y martes) <\/li>\n<\/ul><br><strong>Por favor, env\u00eda tus consultas y solicitudes a <a href=\"mailto:aleksander.markovicmd@gmail.com\">aleksander.markovicmd@gmail.com<\/a><\/strong>\t\t\t\t\t\t\t\t<\/div>\n\t\t\t\t<\/div>\n\t\t\t\t<\/div>\n\t\t\t\t\t<\/div>\n\t\t\t\t<\/div>\n\t\t\t\t<\/div>\n\t\t","protected":false},"excerpt":{"rendered":"<p>Dermat\u00f3logo (h\/m\/d) Somos una moderna consulta privada de dermatolog\u00eda en el coraz\u00f3n de Frankfurt-Sachsenhausen especializada en dermatolog\u00eda conservadora y quir\u00fargica, as\u00ed como en medicina l\u00e1ser y est\u00e9tica y estamos buscando un especialista en dermatolog\u00eda a tiempo parcial (32h\/semana) o 20h\/semana (jueves y viernes o lunes y martes) para empezar lo antes posible. Todos los procesos [&hellip;]<\/p>\n","protected":false},"author":3,"featured_media":0,"parent":20652,"menu_order":0,"comment_status":"closed","ping_status":"closed","template":"","meta":{"footnotes":""},"class_list":["post-20631","page","type-page","status-publish","hentry"],"_links":{"self":[{"href":"https:\/\/www.hautarzt-markovic.de\/es\/wp-json\/wp\/v2\/pages\/20631","targetHints":{"allow":["GET"]}}],"collection":[{"href":"https:\/\/www.hautarzt-markovic.de\/es\/wp-json\/wp\/v2\/pages"}],"about":[{"href":"https:\/\/www.hautarzt-markovic.de\/es\/wp-json\/wp\/v2\/types\/page"}],"author":[{"embeddable":true,"href":"https:\/\/www.hautarzt-markovic.de\/es\/wp-json\/wp\/v2\/users\/3"}],"replies":[{"embeddable":true,"href":"https:\/\/www.hautarzt-markovic.de\/es\/wp-json\/wp\/v2\/comments?post=20631"}],"version-history":[{"count":6,"href":"https:\/\/www.hautarzt-markovic.de\/es\/wp-json\/wp\/v2\/pages\/20631\/revisions"}],"predecessor-version":[{"id":24535,"href":"https:\/\/www.hautarzt-markovic.de\/es\/wp-json\/wp\/v2\/pages\/20631\/revisions\/24535"}],"up":[{"embeddable":true,"href":"https:\/\/www.hautarzt-markovic.de\/es\/wp-json\/wp\/v2\/pages\/20652"}],"wp:attachment":[{"href":"https:\/\/www.hautarzt-markovic.de\/es\/wp-json\/wp\/v2\/media?parent=20631"}],"curies":[{"name":"wp","href":"https:\/\/api.w.org\/{rel}","templated":true}]}}

Dermatólogo (h/m/d)

<div data-elementor-type="wp-page" data-elementor-id="20631" class="elementor elementor-20631 elementor-20439" data-elementor-post-type="page">
				<div class="elementor-element elementor-element-a76ea3f e-flex e-con-boxed e-con e-parent" data-id="a76ea3f" data-element_type="container" data-e-type="container" data-settings="{&quot;jet_parallax_layout_list&quot;:[]}">
					<div class="e-con-inner">
		<div class="elementor-element elementor-element-281c1a5 e-con-full e-flex e-con e-child" data-id="281c1a5" data-element_type="container" data-e-type="container" data-settings="{&quot;jet_parallax_layout_list&quot;:[]}">
				<div class="elementor-element elementor-element-0bfc567 elementor-widget elementor-widget-heading" data-id="0bfc567" data-element_type="widget" data-e-type="widget" data-widget_type="heading.default">
				<div class="elementor-widget-container">
					<h1 class="elementor-heading-title elementor-size-default">Dermatólogo (h/m/d)</h1>				</div>
				</div>
				<div class="elementor-element elementor-element-eb942e8 elementor-widget elementor-widget-text-editor" data-id="eb942e8" data-element_type="widget" data-e-type="widget" data-widget_type="text-editor.default">
				<div class="elementor-widget-container">
									Somos una moderna consulta privada de dermatología en el corazón de Frankfurt-Sachsenhausen especializada en dermatología conservadora y quirúrgica, así como en medicina láser y estética y estamos buscando <strong>un especialista en dermatología a tiempo parcial (32h/semana) o 20h/semana (jueves y viernes o lunes y martes) para <span style="text-decoration: underline;">empezar lo antes posible</span>.<span style="text-decoration: underline;">
</span></strong><br><br>
Todos los procesos se gestionan digitalmente, desde la inscripción hasta la asignación de citas. Esto simplifica las operaciones y procedimientos de la consulta para todo el personal. No es necesario conocer los códigos de facturación GOÄ.  

Hay muy buenas conexiones de transporte público con el S-Bahn (Südbahnhof) y los servicios de metro y tranvía (Schweizer Platz).<br><br><h3>Buscamos un dermatólogo para la siguiente gama de servicios:</h3>
<ul>
 	<li>Dermatología conservadora incl. tratamientos con biológicos </li>
 	<li>Medicina láser (Nd:YAG, erbio, luz flash IPL para manchas pigmentarias y rosácea)</li>
 	<li>Dermatología quirúrgica con plastia de colgajo de redistribución menor</li>
 	<li>Alergología</li>
 	<li>Medicina estética, en particular BTX y lipólisis láser (posibilidad de familiarización) </li>
</ul><br><h3>Lo que llevas contigo:</h3>
<ul>
 	<li><strong>Completa la formación especializada como dermatólogo.</strong></li>
 	<li><strong>Alemán e inglés perfectos</strong>. Otros idiomas extranjeros como italiano, ruso, japonés o serbocroata son deseables. </li>
 	<li>Deseable pero no obligatorio: Conocimiento del manejo y uso del software de consultas Tomedo y de la agenda de citas Doctolib.</li>
 	<li>Una forma de trabajar independiente, flexibilidad y capacidad de organización completan tu perfil.</li>
</ul><br><h3>Horario laboral</h3>
<ul>
 	<li>De lunes a viernes. Posibilidad también sábados de 9-15h o por acuerdo semana de 4 días o semana de 2 días (20h, jueves y viernes o lunes y martes) </li>
</ul><br><strong>Por favor, envía tus consultas y solicitudes a <a href="mailto:aleksander.markovicmd@gmail.com">aleksander.markovicmd@gmail.com</a></strong>								</div>
				</div>
				</div>
					</div>
				</div>
				</div>

<p>Dermatólogo (h/m/d) Somos una moderna consulta privada de dermatología en el corazón de Frankfurt-Sachsenhausen especializada en dermatología conservadora y quirúrgica, así como en medicina láser y estética y estamos buscando un especialista en dermatología a tiempo parcial (32h/semana) o 20h/semana (jueves y viernes o lunes y martes) para empezar lo antes posible. Todos los procesos [&hellip;]</p>
